5
Let m = 15 + -25. Let x = -6 - m. What is the units digit of x?
4
Let u = -25 - -18. Let l(z) = 9*z**2 - 25*z - 29. Let y(o) = 5*o**2 - 13*o - 15. Let i(p) = -6*l(p) + 11*y(p). What is the units digit of i(u)?
9
Suppose 2 = -d, 0 = 3*v - 2*v + 2*d - 1. Let i = 122 - 81. Suppose -v*l + 3*l = -2, -5*r = l - i. What is the units digit of r?
8
Let f(y) = -y**3 - y**2 - 2. Let l be f(-2). Suppose -l*c = 2*c. Suppose -w - w + 26 = c. What is the units digit of w?
3
Let a = 6 - 3. Suppose -3*r = -r + 10, -a*d + 28 = -5*r. What is the units digit of d/(-4)*(2 - 6)?
1
Suppose 3*c - 26 - 85 = 0. Suppose f - 10 = a, 5*f + 4*a - c = 4. What is the units digit of f?
9
Suppose 5*d + 4*l - 2 - 18 = 0, -d + 4 = -l. Suppose 5*h = -0*t - 2*t + d, -4*h + 14 = -2*t. What is the units digit of h?
2
Suppose 3*p = -p. Let j(b) = b**3 + b + 23. What is the units digit of j(p)?
3
Suppose 0 = -y + 5*z - 1, 2*y - 6*z = -2*z - 8. Let f be y/4*8/(-6). What is the units digit of (28/f)/(4/2)?
7
Let y(u) = 123*u - 5. What is the hundreds digit of y(2)?
2
Let x(g) = g**3 + 13*g**2 - 2*g + 7. What is the units digit of x(-13)?
3
Let i(h) = 5 + 10*h - 20*h + 1. What is the units digit of i(-2)?
6
Let z(n) = -2*n**2 - 2*n + 1. Let t be z(-2). Let o = 1 - t. What is the units digit of (-10)/15*(-6)/o?
1
Let b = -29 - -33. Let s(w) be the third derivative of -w**5/60 + 5*w**4/24 - w**3/6 - w**2. What is the units digit of s(b)?
3
Let d(i) = 8*i**3 - i**2 - 2*i + 9. Let b(s) = 7*s**3 - s**2 - 2*s + 8. Let q = -4 + -1. Let c(a) = q*d(a) + 6*b(a). What is the tens digit of c(2)?
1
Suppose -p = -5*h - 10, 3*p + 10 = -6*h + h. Let q(v) = 2*v + 1 - 1 - 3*v. What is the units digit of q(h)?
2
Let n = 5 + -5. What is the units digit of n - (17/(-1) + -3)?
0
Suppose 0 = -3*p - 5*q - 69, 0*p = -p + 5*q - 43. Suppose -4*c = 5*f + 83, -4*f + 2*c - 58 = c. Let n = f - p. What is the units digit of n?
3
Let i(j) be the third derivative of -j**4/24 - j**3/6 + j**2. Let d(f) = 8*f + 4. Let k(s) = d(s) + 5*i(s). What is the units digit of k(1)?
2
Suppose 0 = 2*g + 5*w - 9, 2*g + g = w + 5. Suppose -c + 13 = 7*l - 2*l, 4*c - 74 = g*l. Suppose -4*k = -k - c. What is the units digit of k?
6
Let k(x) = 3*x**2 + x - 2. Let z be k(2). Suppose -5*d - 2*p - z = -52, -2*d + 16 = -3*p. Let l = d - 5. What is the units digit of l?
3
Let t(g) = g + 7. Let o be t(-4). Suppose o*k + 2*v + 1 = 4*k, -2 = -2*v. Suppose -2 = -5*c + k. What is the units digit of c?
1
Let j(y) = -y**2 - 5*y + 2. Suppose 4*l + 4 + 2 = -2*u, -5*u - 27 = -2*l. Let a be j(u). Suppose 2*m = p + 17, 5 = -a*m + 4*p + 13. What is the tens digit of m?
1
What is the tens digit of 18/(-117) - (-2214)/26?
8
Suppose 0 = -2*k - 7 + 19. What is the units digit of k?
6
Suppose 0 = -5*f + 76 - 21. What is the tens digit of f?
1
Suppose a - 3*r = 29, 7*r + 10 = 2*r. What is the tens digit of a?
2
Let x(r) = -r**2 + 7*r + 7. Let y be x(7). Suppose 2*t = 3*t - y. Let l = t + 0. What is the units digit of l?
7
Suppose -2*o = -5*f - 12, 3*o + f + f = 18. What is the units digit of o?
6
Let r be 31/(-3) + 3/9. What is the units digit of r/1*8/(-10)?
8
Let c = 117 - 70. What is the units digit of c - 4/(-1 + 3)?
5
Let a = 19 - 8. What is the units digit of a?
1
Suppose -17 = -5*y - 4*i, -4*y - i = -2 - 5. Let t = 2 + y. What is the units digit of t?
3
Suppose s + k + 1 = -2, 5 = -k. Let v = s + 2. Let z = 5 + v. What is the units digit of z?
9
Let a = -4 + 6. Suppose 0 = a*b + 2*l - 20 + 4, 16 = -b + 5*l. What is the units digit of b?
4
Let p = 14 + -11. Suppose -j = 2*a - 8, -4*a + p*a = j - 8. What is the units digit of j?
8
Let b(n) = 12*n**2 - 6*n - 5. Let l(t) = t**2 - t - 1. Let g(i) = -b(i) + 5*l(i). Let v be g(1). Let w = 3 - v. What is the units digit of w?
9
Let y(z) = -z**2 + 12*z - 6. Let o be 4/(-3)*30/(-4). What is the tens digit of y(o)?
1
Suppose -4*q = q - 10. What is the units digit of (3 - q)/((-1)/(-2))?
2
Let b(l) = 7 + l**3 - 4*l**2 - 3 + 2*l - 4*l. Let k be b(5). Suppose g + 4*g + 3*i = 23, -3*i = 4*g - k. What is the units digit of g?
4
Let j be 0*(3 + -2)/(-2). What is the units digit of -3 + j + 5 + 3?
5
Let d = 459 + -243. What is the units digit of d?
6
Let k(w) = 2*w - 5. Let h be k(5). Let o = h + -3. What is the units digit of 1/(3/(9*o))?
6
Let h be (-18)/(-4)*(-4)/(-6). Let z be (-3)/(9/(-12)) - 0. Suppose -f + h*f - z = 0. What is the units digit of f?
2
Let a(n) = -n - 4. Let f be a(-4). Suppose f*d + 20 = d. What is the units digit of d?
0
Suppose -5*t = -5*x - 135, 2*t = -2*t + 2*x + 116. What is the units digit of t?
1
Suppose 0*t + 29 = 3*j + 5*t, 0 = -5*j + 2*t + 7. Suppose 0 = -j*h - 3, h - 9 = -p - 4*p. What is the units digit of p?
2
Let f = -17 + 25. Suppose -4*b + f = -8. Suppose b*c + 11 - 34 = -3*o, -c + 5 = 0. What is the units digit of o?
1
What is the tens digit of -3 - -1 - (-54 - 2)?
5
Suppose 4*w = 158 + 2. Suppose -4*c + w = 2*y - 50, c + 3*y = 20. What is the tens digit of c?
2
Suppose 22 + 6 = -2*m. Let w = m - -10. Let x(p) = p**2 + 3*p + 2. What is the units digit of x(w)?
6
Suppose -i - 4 + 22 = -5*x, i - 6 = x. Suppose 4*y = -0*p - 2*p + 8, 0 = i*p. What is the units digit of (-1 + y)*(-1 + 2)?
1
Let z(x) = 14*x + 66. What is the units digit of z(17)?
4
Suppose 2*b + 0*b - 2*y = 0, -10 = -5*y. Suppose -b*v = 2 - 8. What is the units digit of 23/v - (-2)/(-3)?
7
Suppose 0 = -3*s + 364 - 121. What is the tens digit of s?
8
Suppose 0 = 5*m - 3*i - 130, 28 = -4*m - i + 132. What is the units digit of m?
6
Let l = 4 + -2. Suppose -8*b + 186 = -l*b. What is the units digit of b?
1
Suppose k + 5*j + 17 = 0, 3*k + 3*j + 3 = -0*k. Suppose -k*n + 2*n + 4 = 0. What is the units digit of n?
4
Let z = 16 - 16. Suppose z = 4*r - 65 - 15. What is the tens digit of r?
2
Let p(j) = -51*j**2 - 2*j + 1. Let f be p(1). Let h = f + 76. What is the tens digit of h?
2
Let l = -133 + 70. Let q = l - -88. What is the units digit of q?
5
Let q(h) = 2*h - 3. What is the units digit of q(16)?
9
Let a = -12 + 14. Suppose -5*w + 3*q - q = -14, 5*q + 14 = a*w. What is the units digit of w?
2
What is the units digit of -1*(-8)/12*141?
4
What is the tens digit of -1 + (-1)/2 + 378/4?
9
Let q = -30 + 82. What is the units digit of q?
2
Suppose 4*t + 324 = 7*t. What is the hundreds digit of t?
1
What is the units digit of 65 + (1 - (5 - 4))?
5
Suppose 0 = -7*q + 2*q + 65. What is the tens digit of q?
1
Let l be ((-6)/(-4))/((-3)/(-12)). Suppose h = -h - l. What is the units digit of 12/8 + h/(-2)?
3
Suppose 17 = -5*s - 128. Let c = -14 - s. What is the tens digit of c?
1
Suppose -8*l + 4*l = -12. Suppose -l*c + 112 - 46 = 0. What is the units digit of c?
2
Suppose -6*l = -2*c - 2*l + 48, 0 = -5*c + 5*l + 115. What is the tens digit of c?
2
Suppose -3*y + 6*y + 62 = f, 0 = 2*f + 2*y - 140. What is the tens digit of f?
6
Suppose 10 = 3*v + 5*w, 8 = -4*v - 3*w + 25. Suppose 21 = v*z - 4. What is the units digit of z?
5
Let p(d) = d**2 - 3*d - 22. What is the tens digit of p(10)?
4
Let p(h) = -h**3 + 6*h**2. Let l be p(5). Let m = l - 16. What is the units digit of m?
9
Let o = 15 + 13. What is the tens digit of o?
2
Let i(c) = -c**2 + 9*c + 10. Let d(r) = 4*r**2 - 26*r - 31. Let z(y) = -2*d(y) - 7*i(y). What is the tens digit of z(-7)?
2
Suppose -8*y + 6*y = -296. What is the units digit of y?
8
Suppose 0 = 3*s - 4*a - 540, -4*s + 5*s + 5*a = 161. What is the hundreds digit of s?
1
Suppose -3*x = 322 - 847. What is the hundreds digit of x?
1
What is the tens digit of 3/21 - 362/(-14)?
2
Let k = -8 - -4. Let g = 1 - k. What is the units digit of g?
5
Let c = 12 + 1. Let a(j) = j**2 - 6*j - 3. Let t be a(6). What is the units digit of c/(t/3 + 2)?
3
What is the units digit of ((-66)/10)/((-3)/15)?
3
What is the tens digit of 188 + 0/(-2) + -1?
8
Suppose -5*v + 3*o + 413 = -v, -5*v - 2*o = -522. What is the units digit of v?
4
Let v be 4/4*1*18. Let s = v - 8. What is the tens digit of s?
1
Suppose -2*n + 87 - 18 = i, -5 = 5*i. Let q = n - -10. Suppose 4*j - q = -9*t + 4*t, -4*j + 3*t + 5 = 0. What is the units digit of j?
5
Let s be (-58)/(1 + 1)*-1. Let r = s - 13. Suppose 4 = -3*f + r. What is the units digit of f?
4
Let h be (6/9)/((-4)/(-48)). Suppose -h + 34 = 2*i. What is the tens digit of i?
1
Let o = 350 + -200. What is t